2*w**2 - 18*w - 3. Give r(9).
-3
Let j(b) = b + 11. What is j(-2)?
9
Let l(y) = -23*y**2 + y. Determine l(1).
-22
Let g(s) = -s**3 + 2*s**2 + 2*s. Give g(-1).
1
Let p(h) = -h**3 - 3*h + 14. Give p(0).
14
Let b(d) = -d**2 + 11*d - 22. What is b(8)?
2
Let d(r) = -r**3 - 17*r**2 + 19*r + 24. Determine d(-18).
6
Let c(i) = -9*i**3 - i + 1. Give c(1).
-9
Let w(d) = -d**2 - 3*d - 4. Give w(5).
-44
Let o(n) = -n**3 + 7*n**2 - n + 12. Determine o(6).
42
Let i(g) = 5*g**2 - 3*g - 4. Give i(-3).
50
Let f(c) = c + 30. Give f(4).
34
Let i(x) = x**3 + 18*x**2 + 17*x + 1. Calculate i(-17).
1
Let y(c) = c**2 - c - 23. Give y(-6).
19
Let v(s) = 2*s**2 - 22*s + 27. Determine v(11).
27
Let q(v) = v**3 + 3*v**2 - 10*v. What is q(-5)?
0
Let q(h) = h**2 - 21*h + 29. Give q(20).
9
Let v(h) = 4*h**2 - 186*h - 117. Give v(47).
-23
Let t(h) = -h**2 + h + 2. What is t(4)?
-10
Let r(a) = -a - 78. Determine r(-19).
-59
Let q(h) = h**2 - 15*h - 45. What is q(22)?
109
Let l(t) = -t**2 - 2*t + 5. Determine l(5).
-30
Let h(u) = -u**3 - 5*u**2 + u + 8. Determine h(-6).
38
Let f(t) = 6*t**3 - t. Determine f(-1).
-5
Let p(a) = a**3 - 36*a + 4. Give p(-6).
4
Let y(x) = x**2 + 6*x + 21. Calculate y(-5).
16
Let v(z) = -z**2 - 4*z + 1. Calculate v(2).
-11
Let u(l) = 4*l**2 - 2*l - 4. Determine u(-3).
38
Let r(n) = -3*n**2 - 3*n - 2. What is r(-2)?
-8
Let q(d) = -d**2 - 15*d - 32. Give q(-9).
22
Let y(w) = -w**2 - 8*w + 22. What is y(-9)?
13
Let r(f) = -22*f**2 + f + 1. Give r(-1).
-22
Let q(z) = z**3 - 20*z**2 - 71*z + 50. Calculate q(23).
4
Let d(o) = 4*o + 5. What is d(-4)?
-11
Let v(n) = n**3 - 6*n**2 - 18*n + 14. Determine v(8).
-2
Let r(q) = -q**3 + 3*q**2 + 3*q - 1. Calculate r(4).
-5
Let r(g) = -g**3 - 2*g**2 + 3*g - 1. Calculate r(-3).
-1
Let b(m) = -12*m + 94. Calculate b(6).
22
Let o(z) = 3*z**3 + 3*z**2 + 8*z + 8. What is o(-2)?
-20
Let v(s) = 23*s + 33. Determine v(-4).
-59
Let b(x) = x**2 + x - 105. Calculate b(-11).
5
Let t(p) = p**2 + 38*p - 5. Give t(0).
-5
Let j(r) = -r**2 + 18*r - 41. Give j(14).
15
Let g(d) = d**2 + 21*d - 28. Determine g(-22).
-6
Let x(k) = -k**3 - 38*k**2 - 37*k - 33. Calculate x(-37).
-33
Let w(p) = -18*p - 344. Give w(-19).
-2
Let f(b) = b**3 + 7*b**2 + 2*b + 2. Give f(-7).
-12
Let p(y) = y**3 - 8*y**2 - 18*y + 1. What is p(10)?
21
Let i(u) = -9*u - 6. Calculate i(-5).
39
Let l(c) = c**3 - 2*c - 3. Calculate l(-2).
-7
Let n(d) = d**2 + 26*d + 111. What is n(-21)?
6
Let b(d) = 25*d + 186. Calculate b(-7).
11
Let o(i) = 3*i**2 - 12*i + 21. Give o(6).
57
Let u(z) = -3*z**2 + 46*z - 11. Calculate u(15).
4
Let b(c) = -15*c - 336. Calculate b(-22).
-6
Let j(h) = -4*h**2 + 51*h - 19. Determine j(12).
17
Let j(o) = -o**3 - 4*o**2 + 18*o - 8. What is j(-7)?
13
Let f(k) = 6*k**2 + 60*k - 15. Give f(-11).
51
Let z(x) = x + 4. Calculate z(3).
7
Let a(i) = -5*i + 29. Calculate a(8).
-11
Let a(m) = -m + 18. What is a(19)?
-1
Let w(c) = 4*c**3 + 32*c**2 + 4*c + 22. Calculate w(-8).
-10
Let v(y) = -y**2 - 12*y - 27. Determine v(-13).
-40
Let q(v) = 3*v**2 + 5. Calculate q(-3).
32
Let q(m) = -m + 2. Determine q(-5).
7
Let t(d) = -d**3 + 2*d**2 + 26*d - 14. Give t(6).
-2
Let j(l) = -l**3 - 14*l**2 - 16*l - 33. What is j(-13)?
6
Let r(i) = -i**3 + 17*i**2 - 17. Determine r(17).
-17
Let j(i) = 4*i - 17. Calculate j(15).
43
Let b(c) = 3*c + 18. What is b(-6)?
0
Let b(t) = -t**3 + 4*t**2 - 2*t + 7. Calculate b(5).
-28
Let y(b) = -b - 16. What is y(-9)?
-7
Let f(q) = -q**3 - 11*q**2 - 15*q + 37. Calculate f(-9).
10
Let v(s) = s**2 - 46*s + 284. Give v(39).
11
Let n(z) = 17*z + 166. What is n(-10)?
-4
Let i(z) = z**2 - 30*z + 79. What is i(26)?
-25
Let t(y) = y**3 + 5*y**2 + 3*y. Calculate t(-3).
9
Let o(l) = l + 7. Determine o(-7).
0
Let z(x) = 2*x + 2. Give z(4).
10
Let b(m) = -10*m**3 - 2*m - 1. What is b(-1)?
11
Let n(q) = -q**2 - 12*q + 32. What is n(-15)?
-13
Let p(n) = n**3 - 11*n**2 + 2*n - 26. Give p(11).
-4
Let q(l) = l**3 - 6*l**2 - 21*l - 6. Calculate q(-2).
4
Let l(k) = -k**3 + 13*k**2 + 8*k - 28. What is l(13)?
76
Let o(m) = -6*m - 130. Calculate o(-33).
68
Let a(u) = -29*u - 2003. Give a(-69).
-2
Let k(t) = t**3 - 7*t**2 + 3*t + 3. Calculate k(6).
-15
Let p(m) = -9*m - 175. Give p(-24).
41
Let j(m) = -2*m**2 + 8*m - 2. What is j(6)?
-26
Let q(p) = -4*p + 1. Determine q(-1).
5
Let c(q) = 15*q**3 + 2*q**2 + 2*q + 1. Give c(-1).
-14
Let k(q) = -q**2 + 5*q + 29. Determine k(8).
5
Let m(q) = 2*q**2 + 3*q - 1. Calculate m(-3).
8
Let r(k) = -6*k - 123. Calculate r(-11).
-57
Let r(m) = -5*m**3 - 2*m**2 + 1. What is r(1)?
-6
Let q(b) = -b**3 - 13*b**2 + 6. What is q(-13)?
6
Let h(a) = -25*a - 428. Give h(-17).
-3
Let j(l) = l**2 + 3*l + 6. Calculate j(-4).
10
Let u(d) = -35*d + 6. What is u(2)?
-64
Let h(m) = -m**2 - 5*m + 68. Determine h(6).
2
Let k(z) = -4*z + 22. Calculate k(9).
-14
Let r(v) = -2*v**2 + 22*v + 60. What is r(13)?
8
Let r(f) = -9*f**2 - 2*f. Give r(-2).
-32
Let x(a) = 8*a**2 - 7*a + 13. What is x(2)?
31
Let t(j) = -j**2 - 17*j + 23. Calculate t(-19).
-15
Let x(t) = 6*t - 20. Give x(2).
-8
Let n(d) = -27*d + 9. What is n(-6)?
171
Let u(l) = -l**3 + 10*l**2 + 2*l. Determine u(10).
20
Let h(t) = t + 7. Calculate h(-5).
2
Let i(l) = -8*l + 64. What is i(10)?
-16
Let j(n) = -7*n**2 + 4*n + 6. Determine j(-1).
-5
Let p(n) = -16*n + 369. Determine p(22).
17
Let f(l) = 5*l**3 + 2*l**2 + 2*l + 1. What is f(-1)?
-4
Let f(a) = a - 22. Give f(13).
-9
Let v(n) = n**3 + 6*n**2 + 6*n + 27. What is v(-6)?
-9
Let j(b) = -24*b + 1134. Calculate j(47).
6
Let m(i) = i**3 - i**2 - 5*i + 4. What is m(3)?
7
Let g(j) = j**2 + 30*j - 26. What is g(-31)?
5
Let g(m) = -m**3 + 12*m**2 - 10*m - 2. Give g(11).
9
Let l(b) = b**2 - 17*b + 52. Calculate l(8).
-20
Let t(v) = v**3 + 3*v**2 - 4*v - 1. Calculate t(-4).
-1
Let w(r) = r**3 + 7*r**2 - 22*r - 49. What is w(-9)?
-13
Let p(s) = 15*s**2 - 89*s - 19. Give p(6).
-13
Let d(o) = 3*o - 22. Determine d(10).
8
Let f(h) = h**2 + 5*h - 1. What is f(-6)?
5
Let x(n) = -12*n - 58. What is x(-5)?
2
Let l(k) = 4*k + 8. Determine l(-4).
-8
Let r(t) = t**3 - 12*t**2 + 17*t - 7. Give r(11).
59
Let f(m) = -m**3 + 5*m - 4. What is f(3)?
-16
Let k(o) = o**3 + 2*o**2 + o - 1. Calculate k(-3).
-13
Let v(h) = h**2 - 5*h + 8. What is v(4)?
4
Let c(u) = u**3 + 61*u**2 - 123*u + 194. Calculate c(-63).
5
Let x(s) = 15*s**3 - 2*s**2 - s + 2. What is x(1)?
14
Let n(i) = 3*i + 8. Give n(-5).
-7
Let p(k) = k - 1. What is p(1)?
0
Let m(g) = -g - 17. What is m(-13)?
-4
Let f(j) = -j**3 - 18*j**2 + 41*j - 40. Determine f(-20).
-60
Let i(z) = -z**3 - 4*z**2 + 5*z - 3. Give i(-5).
-3
Let c(i) = i**3 - 9*i**2 - 11*i - 8. Calculate c(10).
-18
Let w(y) = -2*y + 2. Determine w(14).
-26
Let r(z) = -20*z + 5. Calculate r(4).
-75
Let d(u) = -4*u - 52. What is d(-9)?
-16
Let y(z) = -z + 19. What is y(16)?
3
Let t(w) = -w**2 + 28*w + 298. What is t(36)?
10
Let w(x) = -2*x**3 - 5*x**2 + 2*x - 2. Determine w(-3).
1
Let m(x) = x**3 + 3*x**2 - 3*x + 5. Determine m(-4).
1
Let f(v) = -v**3 + 14*v**2 - 32*v - 5. Determine f(11).
6
Let w(g) = g**2 + 28*g + 61. What is w(-26)?
9
Let b(k) = k**3 - 11*k**2 - 40*k - 31. Give b(14).
-3
Let o(u) = -15*u**2 + 4. Determine o(-2).
-56
Let m(r) = 5*r + 12. Calculate m(0).
12
Let c(l) = 116*l**3 + 3*l**2 - 7*l + 4. Determine c(1).
116
Let b(c) = -4*c + 37. Calculate b(9).
1
Let t(g) = -g**3 - 11*g**2 - 12*g - 22. Give t(-10).
-2
Let x(u) = -u**3 - 25*u**2 - 26*u - 36. Determine x(-24).
12
Let c(w) = -16*w - 24. Determine c(-2).
8
Let b(p) = -p**3 - 28*p**2 - 25*p + 32. Calculate b(-27).
-22
Let v(y) = -y**3 - 3*y**2 - 3*y - 5. Calculate v(-3).
4
Let n(t) = -t + 23. Calculate n(26).
-3
Let i(g) = -7*g + 19. Give i(8).
-37
Let r(y) = 4*y + 71. Give r(-13).
19
Let k(m) = m**3 + 91*m**2 + 428*m - 171. What is k(-86)?
1
Let o(s) = s**3 + 13*s**2 + 4*s - 10. Calculate o(-13).
-62
Let o(w) = -9*w + 1. Calculate o(1).
-8
Let l(t) = -t - 6. Give l(-7).
1
Let f(y) = y**2 - 8*y - 15. Calculate f(9).
-6
Let f(t) = -t**3 - t**2 + 4*t. Determine f(-3).
6
Let x(v) = -2*v + 28. Determine x(-5).
38
Let q(y) = -3*y - 16. Give q(-3).
-7
Let h(t) = t**3 - 4*t**2 - 6*t - 1. Determine h(-3).
-46
Let w(t) = -22*t**2 - t. What is w(1)?
-23
Let o(c) = c**2 + 2*c - 10. What is o(-3)?
-7
Let c(u) = -5*u - 4. Give c(-4).
16
Let q(n) = n**3 + 39*n**2 + 37